4556 + 6908. Suppose -8*v + 9 = -5*v, -3*q = 4*v - s. What is the units digit of q?
0
What is the hundreds digit of ((8 - 18)*(-5 - -287))/(-1*1)?
8
Let u = 186 + -102. Suppose 2460 = -78*x + u*x. What is the tens digit of x?
1
Let p = 415 + -416. What is the hundreds digit of ((-2087)/4 + (-21)/(-28))*p?
5
Let d = 85 - 35. Let s be (220/40)/(1/(-8)). Let m = d + s. What is the units digit of m?
6
Suppose -37*i + 14410 = -15*i. Let k = i + -324. What is the units digit of k?
1
Let h(j) = 2265*j**2 + 53*j + 39. What is the hundreds digit of h(3)?
5
Suppose -321999 = -8*f - 4*f + 29313. What is the tens digit of f?
7
What is the ten thousands digit of 2*((-26707)/(-2) - -19)?
2
Let q = 10518 - 10481. What is the units digit of q?
7
Let s be (3/2)/(1/((-8)/(-3))). Suppose -2*c + c = -4*w + 44, -s*c + 52 = 3*w. Suppose 0 = -3*z + 2*g + 239, -3*g + 0*g = w. What is the units digit of z?
7
Suppose 2*t = -5*q - 2238, 5549 = t - 6*t - q. Let u = t + 1786. What is the tens digit of u?
7
Let f be -99*80/24*(-2)/10. What is the tens digit of (-6 - (-65)/10)*f?
3
Let i = 9427 + -6238. What is the thousands digit of i?
3
Let k be ((-377)/(-2))/((-44)/40 + 1). Let z = k + 2768. What is the hundreds digit of z?
8
Suppose -5*w + 12 = 2, 5*n = -w + 12652. Suppose -5*i = -a - a + 1039, -5*a - i + n = 0. What is the units digit of a?
7
Suppose -53 - 28 = 3*y. What is the tens digit of y/((315/(-112))/15)?
4
Let h(p) = 3786*p**3 - p**2 + 229*p - 227. What is the tens digit of h(1)?
8
Suppose -39*r = -4*r - 126700. Suppose -9*q = -r - 3580. What is the hundreds digit of q?
8
Let c(m) = m - 5. Let u be c(10). Let q(s) = -2*s + 10*s + 9*s - 32 - u*s. What is the tens digit of q(10)?
8
Suppose s - 716 = -3*f, -2*s - 1314 = -5*f - 139. Suppose -3*n = -a + 414, 0 = -2*n - 4*a - 103 - 201. Let l = f + n. What is the units digit of l?
7
Let c = -47143 + 81554. What is the hundreds digit of c?
4
Let c = 4627 + 3469. What is the thousands digit of c?
8
Suppose -153 = 5*b - 5*p + 402, 4*b + 439 = 3*p. Let t = b + 106. Let f(j) = 11*j + 281. What is the tens digit of f(t)?
8
Suppose -8*i + 27 = -21. What is the tens digit of 266 - (7 + -1)*(-2)/i?
6
Let u = -197 - -195. What is the tens digit of 13 + 850 - (-2 - u)?
6
Suppose 22 = -g + 5*z + 7, -5*g + 4*z = 12. Suppose -30*a + 17*a + 7124 = g. What is the units digit of a?
8
Let d(p) = -p + 14. Let k be d(10). Let f be (-4)/k - (5 + -4). Let s(y) = 17*y**2 + 6*y + 5. What is the units digit of s(f)?
1
Suppose 0 = -36*u + 37*u - 10. Let s = u - 20. What is the units digit of (12/s)/((-8)/580)?
7
Let a = -36946 + 64436. What is the units digit of a?
0
Let d(t) = -90*t + 3992. What is the thousands digit of d(-58)?
9
Let a = -1089 + 2168. What is the hundreds digit of a?
0
Let p = -258 - -260. What is the tens digit of -31*((-2 - 1) + p)?
3
Let z(k) = -1545*k - 3968. What is the units digit of z(-30)?
2
Suppose 35*i - 8 = 31*i. Suppose -5*d + 7*v + 580 = 2*v, -571 = -5*d + i*v. Let r = d - 54. What is the units digit of r?
9
Let h(v) = 146*v**2 + 18*v - 12. Let t(r) = 294*r**2 + 35*r - 24. Let c(u) = -11*h(u) + 6*t(u). What is the units digit of c(1)?
8
Suppose -165354 = -3*f + z, -4*z + 7*z = -9. What is the hundreds digit of f?
1
Let c(b) = b**2 + 24*b + 1804. What is the hundreds digit of c(119)?
8
Let c(a) = 6*a**2 + 245*a - 91. What is the ten thousands digit of c(41)?
2
Let u(c) = 83*c + 6676. What is the units digit of u(91)?
9
Suppose -44 = 11*h, 5*c + 3*h = 6*h + 13887. What is the hundreds digit of c?
7
Let h = -25 + 19. Let a(t) = -6*t - 30. Let i be a(h). Let o(l) = l**2 - 6*l + 13. What is the tens digit of o(i)?
1
Let v(m) = -2*m**3 - 84*m**2 + 79*m + 1782. What is the thousands digit of v(-45)?
0
Suppose 0*m + 150 = -3*m. Let k = m - -78. Let l = 154 - k. What is the hundreds digit of l?
1
Let n(l) = -7*l + 0*l + 23*l**2 + l**3 + 0*l**3 + 176 - 207. Suppose -5*j + 3*h - 130 = 0, -4*h + 8 = -12. What is the tens digit of n(j)?
3
Let f(o) = 66*o + 84. Let k(m) = 134*m + 167. Let j(y) = 7*f(y) - 4*k(y). What is the tens digit of j(-5)?
9
Suppose -2*u - 5*s + 7*s = -17092, -42724 = -5*u + 2*s. What is the units digit of u?
4
Suppose 30*a + 53948 = 168158. What is the thousands digit of a?
3
Let d(s) = -33*s - 74. Let w be d(8). Let r = w + 475. What is the units digit of r?
7
Let z(p) = -p**3 + 10*p**2 - 12*p + 62. Let l be z(9). Suppose 0 = -l*t + 93*t - 22910. What is the hundreds digit of t?
3
Suppose 157 = -5*g + 2*h, 2*g = h + h - 58. What is the tens digit of 2030/3 + -1 - (-22)/g?
7
What is the thousands digit of 2/3 - (457890/(-45) + 12)?
0
Let g be (-52*447/(-36))/((-2)/(-12)). Suppose -33*r = -20*r - g. What is the tens digit of r?
9
Suppose -k - 3*w + 76235 = 0, -w - 228675 = -329*k + 326*k. What is the thousands digit of k?
6
Suppose -5978 = -3*t + 1153. Let s = -1359 + t. What is the thousands digit of s?
1
Let u(a) = a - 1. Let x be (3 - 4) + 1*-3. Let n(m) = -3*m - 8. Let q(f) = x*u(f) - n(f). What is the units digit of q(6)?
6
Suppose 7*u - 90164 = -j, -u + 90158 = 24*j - 23*j. What is the thousands digit of j?
0
Let h(p) = -1261*p - 5161. What is the hundreds digit of h(-26)?
6
Let d(j) = -2*j**3 + 75*j**2 - 3*j - 15. What is the hundreds digit of d(14)?
1
Suppose 3*n + 2*q + 4 = 0, -2*n - 4*q - q = 10. Suppose n = 27*t - 36*t + 1980. What is the tens digit of t?
2
Suppose 9 - 1 = 4*a, -5*a = 3*c + 404. Suppose 9705 + 12683 = 116*f. Let b = f + c. What is the tens digit of b?
5
Suppose -17*i + 92739 = -53682. Suppose -53*o + i = -20*o. What is the tens digit of o?
6
Let u = 535 - 443. Let b = u + 65. What is the tens digit of b?
5
Suppose 20*k + 28*k - 4848 = 0. Let x = 390 - k. What is the tens digit of x?
8
Let v be (-40)/(-60)*5*111. Suppose 2*m + v = -18. Let s = m - -311. What is the tens digit of s?
1
Suppose -f + 28145 = -4*z, -5*f + 5*z = -74557 - 66198. What is the hundreds digit of f?
1
Let b(g) = 14*g**3 - 2. Let m be b(2). Suppose -3*t + 1852 + m = 0. What is the hundreds digit of t?
6
What is the hundreds digit of ((-21637)/(-44))/((-1)/(-60)) + 6?
5
Let u = -11 + 3. Let y be (-9)/12*u*(-4)/(-6). Suppose 0 = -y*m + 75 + 205. What is the units digit of m?
0
Let s(i) = 13*i - 44. Let m be s(6). Let q = 14 + -11. Suppose -m = q*a - 5*a. What is the units digit of a?
7
Suppose 4*d - 25*d = -5565. Let r = d - -303. What is the units digit of r?
8
Suppose -14*r + 20*r = 132. What is the tens digit of (11/r)/((-3)/(-2166) - 0)?
6
Suppose 4*c + 5*w - w - 100296 = 0, 5*w - 25066 = -c. What is the thousands digit of c?
5
Let k(b) = 23*b - 3*b**3 - 18*b + 0*b**2 - b**2 + 5*b**2. Let r be k(4). Let m = -47 - r. What is the tens digit of m?
6
Let m = -28633 - -51128. What is the units digit of m?
5
Let k be (-576)/320 - 4/(-5). What is the tens digit of ((-21)/42 - k/(-2))*-829?
2
Let k be -17 + 15 - ((-2)/1 - -9). What is the units digit of ((-30)/k)/(30/4005)?
5
Suppose 49*h = 47*h + d + 11960, 3*h + 3*d - 17931 = 0. What is the tens digit of h?
7
Suppose 0 = -2*g - 4, r - 5*g = -r + 18. Suppose r*j = -3*c - 6, 3*j + j + 18 = 3*c. What is the units digit of -9*5/(-15) - c/2?
2
Suppose 5*v + 33*a - 30*a = 4666, v + a - 934 = 0. Suppose -3*d + v = -r, 0 = 8*r - 11*r + 12. What is the hundreds digit of d?
3
Let b(x) = 2*x**2 - 23*x + 18. Let s be b(10). What is the tens digit of (s*1)/(9/(-99))?
3
Let d(p) = -21*p + 85. Let x be d(-5). Suppose c = 377 + x. What is the tens digit of c?
6
Let b be (-8)/(8 - 6) - -22. What is the units digit of (-4 - 42/b)*-3?
9
Let i(w) be the first derivative of 950*w**3/3 - w**2/2 + w - 137. What is the hundreds digit of i(-1)?
9
Let o(u) = u**2 + 7*u + 15. Let h be o(-5). Suppose h*j - 35 = -5*n, -4*n + 6 = 3*j - 13. Suppose 3*l - 3 - j = 0. What is the units digit of l?
4
Let j(i) = 40*i + 910. What is the thousands digit of j(17)?
1
Suppose -3*p - 8809 = -28168. What is the tens digit of p?
5
Suppose -16*s - 6 = -19*s. Let u be ((-550)/(-125))/(s/5). Suppose u*k - 448 = 179. What is the tens digit of k?
5
Let u be (-18)/42 - 31/7*-1. Let y(s) = 28*s**2 + 16*s - 10. What is the tens digit of y(u)?
0
Let w be ((-153)/6)/(-2 - 20/(-16)). What is the tens digit of 88 - w - 1/((-2)/4)?
5
Suppose 31*m - 26*m + 53490 = 4*c, 3*c - 5*m = 40120. What is the thousands di